at is 23745 - 2?
23743
In base 8, what is -2547 + -10?
-2557
In base 16, what is 1c - 1?
1b
In base 14, what is 110 - 2?
10c
In base 9, what is 2752 + 2?
2754
In base 9, what is 31 - 5?
25
In base 13, what is 7 - 46?
-3c
In base 10, what is -2 - -8?
6
In base 8, what is 32624 - -4?
32630
In base 3, what is -21 + 212?
121
In base 8, what is 12 + -22?
-10
In base 9, what is 8734 + 1?
8735
In base 13, what is c1 + 12?
103
In base 2, what is -1111 + 1100011?
1010100
In base 11, what is -1244 + 1?
-1243
In base 7, what is -66 + 114?
15
In base 8, what is -5373 + -15?
-5410
In base 3, what is -201122 - -10?
-201112
In base 10, what is 4 + 0?
4
In base 4, what is -11 - 0?
-11
In base 11, what is -2 + -80?
-82
In base 2, what is 100110 + -1?
100101
In base 8, what is 5 - -256?
263
In base 6, what is -2 + 443?
441
In base 11, what is 8 - 17?
-a
In base 13, what is 800 + -4?
7c9
In base 2, what is 0 + -111111?
-111111
In base 12, what is 5 - 178?
-173
In base 10, what is -385 + 2?
-383
In base 2, what is -101 + -100011011?
-100100000
In base 6, what is -2 - -5?
3
In base 6, what is 3 - -13312?
13315
In base 11, what is 2 - -107?
109
In base 7, what is -24 - -5?
-16
In base 5, what is -10103 + -1?
-10104
In base 5, what is -24 - -130?
101
In base 5, what is -223 + -30?
-303
In base 12, what is -372 + 0?
-372
In base 11, what is 37 + 8?
44
In base 16, what is -c - 1d?
-29
In base 6, what is -142 + 5?
-133
In base 10, what is -25 + 148?
123
In base 16, what is 333 + -8?
32b
In base 5, what is 1124 - -104?
1233
In base 13, what is -3 - -274?
271
In base 8, what is -1 - 72?
-73
In base 15, what is 0 + 37d?
37d
In base 15, what is -6 + -1c?
-23
In base 8, what is -3 - -27?
24
In base 9, what is -531 + -2?
-533
In base 2, what is 10111000 - -10?
10111010
In base 13, what is -1 + 8b?
8a
In base 16, what is -5 - -92?
8d
In base 9, what is 1 + 38?
40
In base 4, what is -31 + 12110?
12013
In base 16, what is -7 + -64?
-6b
In base 3, what is -211220 + 120?
-211100
In base 5, what is -3 - 311?
-314
In base 2, what is -11011 + -11110?
-111001
In base 5, what is 32 + -4?
23
In base 2, what is -1001010111 + 11?
-1001010100
In base 4, what is 230 - -322?
1212
In base 9, what is -5145 + 3?
-5142
In base 7, what is -5 + 431?
423
In base 2, what is 1 + 1100?
1101
In base 14, what is -5 + -20?
-25
In base 7, what is -10 - -2?
-5
In base 16, what is -4 - 1fc?
-200
In base 16, what is -71 + 7?
-6a
In base 12, what is -60b1 + -3?
-60b4
In base 13, what is -4 + 1c4?
1c0
In base 15, what is -60 + -26?
-86
In base 16, what is 0 - -172?
172
In base 5, what is 3 + -32043?
-32040
In base 7, what is 5 - -115?
123
In base 9, what is -30641 + -5?
-30646
In base 6, what is -1523 - 3?
-1530
In base 9, what is -5 + 737?
732
In base 5, what is 32220 + 1?
32221
In base 12, what is -481 + 6?
-477
In base 3, what is -10 + -110120?
-110200
In base 4, what is 31 + -100?
-3
In base 5, what is -44 + -2?
-101
In base 2, what is 11000010 + -100?
10111110
In base 2, what is -100110 + 1010?
-11100
In base 2, what is -111 - 11110111?
-11111110
In base 3, what is 2020122 - -2?
2020201
In base 8, what is -11 - -155?
144
In base 14, what is -4 + 77?
73
In base 13, what is -a + 43b?
431
In base 3, what is -2 + -112000?
-112002
In base 2, what is -11001000111100 + -10?
-11001000111110
In base 3, what is -21101 + 10?
-21021
In base 9, what is 10 - -75?
85
In base 11, what is 20 - 4a?
-2a
In base 11, what is -168 + -5?
-172
In base 6, what is 15 - 14?
1
In base 16, what is -1 - 1f?
-20
In base 8, what is -54 - -7?
-45
In base 7, what is 23 + 64?
120
In base 5, what is -110 - -13?
-42
In base 4, what is -1102 + 11?
-1031
In base 12, what is 1 + -14b3?
-14b2
In base 10, what is -6 + -51?
-57
In base 5, what is 104 + -2024?
-1420
In base 12, what is a2 + -13?
8b
In base 11, what is -4 - -39?
35
In base 3, what is -11 - 10202211?
-10202222
In base 9, what is 1 + -261?
-260
In base 6, what is 0 - -14324?
14324
In base 2, what is 1001 - 10110?
-1101
In base 14, what is 2d + -7?
26
In base 3, what is -2121 - -110210?
101012
In base 15, what is 1 - 1?
0
In base 14, what is -d - -4?
-9
In base 3, what is -11210 - -2102?
-2101
In base 15, what is -4 - -4b?
47
In base 3, what is -10 + 220?
210
In base 4, what is -1 + -1123030?
-1123031
In base 8, what is -10 + -51?
-61
In base 7, what is -1236 - 21?
-1260
In base 16, what is 1410 - -5?
1415
In base 10, what is 26 - -80?
106
In base 4, what is 23 + -31?
-2
In base 16, what is ed8 + 5?
edd
In base 6, what is -233 + 300?
23
In base 9, what is -65408 + -4?
-65413
In base 12, what is 44 - 0?
44
In base 16, what is -491 + -6?
-497
In base 10, what is 33 - -5?
38
In base 14, what is c + -18?
-a
In base 13, what is -1 - 6b5?
-6b6
In base 15, what is -81 + 1?
-80
In base 14, what is 3 + 63?
66
In base 10, what is -11 + -25?
-36
In base 4, what is 222 - 21?
201
In base 8, what is -465 - 2?
-467
In base 7, what is 30 + 41?
101
In base 15, what is -7 - -104?
ec
In base 14, what is -3 + 8d?
8a
In base 9, what is 14 + 464?
478
In base 7, what is 1 - 30?
-26
In base 6, what is -12 + -114?
-130
In base 3, what is 2011212 - 111?
2011101
In base 9, what is 31 - -58?
100
In base 2, what is 110101001 + 10000?
110111001
In base 10, what is -3 - 151?
-154
In base 4, what is -11 - -111021?
111010
In base 2, what is 1001 - 1100?
-11
In base 9, what is -40 - -142?
102
In base 15, what is 0 - 2b?
-2b
In base 2, what is 101 + 1110011?
1111000
In base 12, what is 51 + -1?
50
In base 6, what is -4 - -35?
31
In base 11, what is 9676 - -4?
967a
In base 9, what is 17 - 23?
-5
In base 8, what is 255 - -5?
262
In base 15, what is 59 + -1?
58
In base 14, what is -11 + 7?
-8
In base 5, what is 1 - 104420?
-104414
In base 3, what is 11122 + 1?
11200
In base 11, what is 0 - -693?
693
In base 7, what is -1133 + -1?
-1134
In base 6, what is 1445 - 5?
1440
In base 11, what is -28 - -5?
-23
In base 6, what is 2 + 3420?
3422
In base 13, what is 2 + 91?
93
In base 3, what is -2002 + 12011?
10002
In base 2, what is -101 + -1011?
-10000
In base 10, what is -558 - -6?
-552
In base 5, what is -1214 - 0?
-1214
In base 8, what is 72 + 0?
72
In base 7, what is -10 + 11?
1
In base 16, what is 3 + -218?
-215
In base 8, what is -61 - 13?
-74
In base 4, what is 2 + 102101?
102103
In base 5, what is -1131 + 30?
-1101
In base 14, what is 7d + -3b?
42
In base 10, what is -7 - -220?
213
In base 6, what is -15030 + -5?
-15035
In base 4, what is 322 - 10?
312
In base 15, what is -e + 7?
-7
In base 2, what is -10 + 100011000?
100010110
In base 4, what is 10 - 1232?
-1222
In base 8, what is -31 + 0?
-31
In base 7, what is -4 - 22305?
-22312
In base 9, what is -45 + 3?
-42
In base 10, what is 0 + 1268?
1268
In base 4, what is -31 + -11112?
-11203
In base 12, what is 2 - 439?
-437
In base 10, what is 5 + 33?
38
In base 10, what is 753 - 4?
749
In base 7, what is 3 - -222?
225
In base 14, what is -c - 8?
-16
In base 6, what is 22031 - 4?
22023
In base 3, what is 200 + -2?
121
In base 13, what is 60 + -11?
4c
In base 15, what is -8 - -6?
-2
In base 12, what is -5 + -337b?
-3384
In base 2, what is 100011 + 100001?
1000100
In base 14, what is 107 + -2?
105
In base 10, what is -32 - -7?
-25
In base 2, what is -11100101110 + -1?
-11100101111
In base 15, what is 3b + 1?
3c
In base 3, what is 100 + 1211?
2011
In base 5, what is 2400 - 10?
2340
In base 13, what is -c + 8?
-4
In base 13, what is -2 + 1202?
1200
In base 15, what is 7b - -6?
82
In base 9, what is 0 - 41?
-41
In base 7, what is 11 + 3423?
3434
In base 3, what is -210200 - -11?
-210112
In base 9, what is 30 - -837?
867
In base 6, what is -10420 - 24?
-10444
In base 11, what is 14 + -76?
-62
In base 5, what is 1 + 11123?
11124
In base 6, what is 52 + 353?
445
In base 8, what is -743 - -5?
-736
In base 9, what is 806 + 8?
815
In base 15, what is -12 - 43?
-55
In base 5, what is -1432 + 3?
-1424
In base 11, what is -15 + 2?
-13
In base 16, what is 6 + 7?
d
In base 14, what is 5 - 195?
-190
In base 11, what is -41 + 72?
31
In base 10, what is -3 + 15?
12
In base 13, what is 1 + 5c?
60
In base 12, what is -1417 + 5?
-1412
In base 8, what is 160 - 1?
157
In base 10, what is -91 - 1?
-92
In base 11, what is 181 - -3?
184
In base 4, what is 111 + -1?
110
In base 16, what is -113 - -